{"id":172,"date":"2018-09-04T22:52:06","date_gmt":"2018-09-04T20:52:06","guid":{"rendered":"https:\/\/franceshotokanparis.org\/france-shotokan-paris\/?page_id=172"},"modified":"2025-03-11T06:41:57","modified_gmt":"2025-03-11T05:41:57","slug":"contact-dojo-karate-paris","status":"publish","type":"page","link":"https:\/\/franceshotokanparis.org\/france-shotokan-paris\/contact-dojo-karate-paris\/","title":{"rendered":"Contact"},"content":{"rendered":"<p>[vc_row][vc_column][vc_empty_space height=\u00a0\u00bb20px\u00a0\u00bb][\/vc_column][\/vc_row][vc_row gap=\u00a0\u00bb35&Prime; default_id=\u00a0\u00bbthemesflat_1542818651&Prime;][vc_column width=\u00a0\u00bb1\/2&Prime;][vc_column_text css=\u00a0\u00bb.vc_custom_1542811470947{margin-left: -15px !important;}\u00a0\u00bb]<\/p>\n<h3>Nos Dojos \u00e0 Paris<\/h3>\n<p>[\/vc_column_text][vc_empty_space height=\u00a0\u00bb20px\u00a0\u00bb][vc_column_text]<img loading=\"lazy\" decoding=\"async\" class=\" wp-image-65 alignleft\" src=\"https:\/\/franceshotokanparis.org\/france-shotokan-paris\/wp-content\/uploads\/2018\/09\/ohshima-1-180x300.jpg\" alt=\"\" width=\"206\" height=\"343\" srcset=\"https:\/\/franceshotokanparis.org\/france-shotokan-paris\/wp-content\/uploads\/2018\/09\/ohshima-1-180x300.jpg 180w, https:\/\/franceshotokanparis.org\/france-shotokan-paris\/wp-content\/uploads\/2018\/09\/ohshima-1.jpg 237w\" sizes=\"(max-width: 206px) 100vw, 206px\" \/><\/p>\n<p><strong>Dojo VAUGIRARD-LITTR\u00c9<\/strong> : 87 rue de Vaugirard \u2013 75006 Paris (<strong>Lundi, Mercredi, Jeudi, Samedi<\/strong>)<\/p>\n<p>M\u00e9tro Saint Placide (l. 4), ou Montparnasse (l. 4, 6, 12, 13) ou Duroc (l. 10, 13)<\/p>\n<p><strong>Dojo LYC\u00c9E F\u00c9NELON : <\/strong>2 rue de l&rsquo;\u00c9peron &#8211; 75006 Paris (<strong>Mardi<\/strong>)<\/p>\n<p>M\u00e9tro Od\u00e9on (l. 4, 10), ou Saint-Michel Notre-Dame (l.4, B, C)<\/p>\n<p><strong>Dojo MASSERAN<\/strong> : 6 rue Masseran \u2013 75007 Paris (entra\u00eenements du <strong>dimanche<\/strong>)<\/p>\n<p>M\u00e9tro\u00a0Duroc (l. 10, 13) ou Saint-Fran\u00e7ois-Xavier (l. 13) ou S\u00e8vres-Lecourbe (l. 6)[\/vc_column_text][vc_empty_space height=\u00a0\u00bb30px\u00a0\u00bb][vc_column_text css=\u00a0\u00bb.vc_custom_1539200661890{margin-left: -15px !important;}\u00a0\u00bb]<\/p>\n<h3>Contact<\/h3>\n<p>[\/vc_column_text][vc_empty_space height=\u00a0\u00bb20px\u00a0\u00bb]\n<div class=\"wpcf7 no-js\" id=\"wpcf7-f58-o1\" lang=\"fr-FR\" dir=\"ltr\">\n<div class=\"screen-reader-response\"><p role=\"status\" aria-live=\"polite\" aria-atomic=\"true\"><\/p> <ul><\/ul><\/div>\n<form action=\"\/france-shotokan-paris\/wp-json\/wp\/v2\/pages\/172#wpcf7-f58-o1\" method=\"post\" class=\"wpcf7-form init\" aria-label=\"Formulaire de contact\" novalidate=\"novalidate\" data-status=\"init\">\n<div style=\"display: none;\">\n<input type=\"hidden\" name=\"_wpcf7\" value=\"58\" \/>\n<input type=\"hidden\" name=\"_wpcf7_version\" value=\"5.9.8\" \/>\n<input type=\"hidden\" name=\"_wpcf7_locale\" value=\"fr_FR\" \/>\n<input type=\"hidden\" name=\"_wpcf7_unit_tag\" value=\"wpcf7-f58-o1\" \/>\n<input type=\"hidden\" name=\"_wpcf7_container_post\" value=\"0\" \/>\n<input type=\"hidden\" name=\"_wpcf7_posted_data_hash\" value=\"\" \/>\n<\/div>\n<p><label style=\"width: 1200px;\"> Votre nom<\/label><br \/>\n<span class=\"wpcf7-form-control-wrap\" data-name=\"Votrenom\"><input size=\"40\" maxlength=\"400\" class=\"wpcf7-form-control wpcf7-text wpcf7-validates-as-required\" aria-required=\"true\" aria-invalid=\"false\" value=\"\" type=\"text\" name=\"Votrenom\" \/><\/span>\n<\/p>\n<p><label style=\"width: 1200px;\"> Votre adresse de messagerie<\/label><br \/>\n<span class=\"wpcf7-form-control-wrap\" data-name=\"Your-email\"><input size=\"40\" maxlength=\"400\" class=\"wpcf7-form-control wpcf7-email wpcf7-validates-as-required wpcf7-text wpcf7-validates-as-email\" aria-required=\"true\" aria-invalid=\"false\" value=\"\" type=\"email\" name=\"Your-email\" \/><\/span>\n<\/p>\n<p><label style=\"width: 1200px;\"> Objet<\/label><br \/>\n<span class=\"wpcf7-form-control-wrap\" data-name=\"your-subject\"><input size=\"40\" maxlength=\"400\" class=\"wpcf7-form-control wpcf7-text wpcf7-validates-as-required\" aria-required=\"true\" aria-invalid=\"false\" value=\"\" type=\"text\" name=\"your-subject\" \/><\/span>\n<\/p>\n<p><label style=\"width: 1200px;\"> Votre message<\/label><br \/>\n<span class=\"wpcf7-form-control-wrap\" data-name=\"textarea-268\"><textarea cols=\"40\" rows=\"10\" maxlength=\"2000\" class=\"wpcf7-form-control wpcf7-textarea wpcf7-validates-as-required\" aria-required=\"true\" aria-invalid=\"false\" name=\"textarea-268\"><\/textarea><\/span>\n<\/p>\n<p><input class=\"wpcf7-form-control wpcf7-submit has-spinner\" type=\"submit\" value=\"Envoyer\" \/>\n<\/p><div class=\"wpcf7-response-output\" aria-hidden=\"true\"><\/div>\n<\/form>\n<\/div>\n[vc_empty_space height=\u00a0\u00bb30px\u00a0\u00bb][\/vc_column][vc_column width=\u00a0\u00bb1\/2&Prime;][vc_empty_space height=\u00a0\u00bb30px\u00a0\u00bb][vc_gmaps link=\u00a0\u00bb#E-8_JTNDaWZyYW1lJTIwc3JjJTNEJTIyaHR0cHMlM0ElMkYlMkZ3d3cuZ29vZ2xlLmNvbSUyRm1hcHMlMkZlbWJlZCUzRnBiJTNEJTIxMW0xOCUyMTFtMTIlMjExbTMlMjExZDI2MjUuNjQ1MzE0NTc3MjA1NyUyMTJkMi4zMjEwNjY3MTU2NzM5MzEzJTIxM2Q0OC44NDU5MDM3NzkyODYzMSUyMTJtMyUyMTFmMCUyMTJmMCUyMTNmMCUyMTNtMiUyMTFpMTAyNCUyMTJpNzY4JTIxNGYxMy4xJTIxM20zJTIxMW0yJTIxMXMweDQ3ZTY3MWNkNzJiNGMxZDElMjUzQTB4NDJlYTAwNGIxMjUwNDZjYyUyMTJzODclMkJSdWUlMkJkZSUyQlZhdWdpcmFyZCUyNTJDJTJCNzUwMDYlMkJQYXJpcyUyMTVlMCUyMTNtMiUyMTFzZnIlMjEyc2ZyJTIxNHYxNTQyNDcxMTQ2MjUwJTIyJTIwd2lkdGglM0QlMjI2MDAlMjIlMjBoZWlnaHQlM0QlMjI2MDAlMjIlMjBmcmFtZWJvcmRlciUzRCUyMjAlMjIlMjBzdHlsZSUzRCUyMmJvcmRlciUzQTAlMjIlMjBhbGxvd2Z1bGxzY3JlZW4lM0UlM0MlMkZpZnJhbWUlM0U=\u00a0\u00bb css=\u00a0\u00bb.vc_custom_1543272832085{border-radius: 1px !important;}\u00a0\u00bb][vc_gmaps link=\u00a0\u00bb#E-8_JTNDaWZyYW1lJTIwc3JjJTNEJTIyaHR0cHMlM0ElMkYlMkZ3d3cuZ29vZ2xlLmNvbSUyRm1hcHMlMkZlbWJlZCUzRnBiJTNEJTIxMW0xOCUyMTFtMTIlMjExbTMlMjExZDI2MjUuMjYwMjU3NTA2Mjc4JTIxMmQyLjMzODIyODY3NjA2NzgxJTIxM2Q0OC44NTMyNDczNzEzMzE1NSUyMTJtMyUyMTFmMCUyMTJmMCUyMTNmMCUyMTNtMiUyMTFpMTAyNCUyMTJpNzY4JTIxNGYxMy4xJTIxM20zJTIxMW0yJTIxMXMweDQ3ZTY3MWRlZmFlYmMwZTMlMjUzQTB4ZWJhMDMyMDEwNzdiMjFjNyUyMTJzMiUyNTIwUnVlJTI1MjBkZSUyNTIwbCUyNiUyMzM5JTNCJTI1QzMlMjU4OXBlcm9uJTI1MkMlMjUyMDc1MDA2JTI1MjBQYXJpcyUyMTVlMCUyMTNtMiUyMTFzZnIlMjEyc2ZyJTIxNHYxNzI0ODI4Nzk1ODIxJTIxNW0yJTIxMXNmciUyMTJzZnIlMjIlMjB3aWR0aCUzRCUyMjYwMCUyMiUyMGhlaWdodCUzRCUyMjYwMCUyMiUyMGZyYW1lYm9yZGVyJTNEJTIyMCUyMiUyMHN0eWxlJTNEJTIyYm9yZGVyJTNBMCUyMiUyMGFsbG93ZnVsbHNjcmVlbiUzRSUzQyUyRmlmcmFtZSUzRQ==\u00a0\u00bb css=\u00a0\u00bb.vc_custom_1724828857931{border-radius: 1px !important;}\u00a0\u00bb][vc_empty_space height=\u00a0\u00bb30px\u00a0\u00bb][vc_column_text css=\u00a0\u00bb.vc_custom_1741671710534{margin-top: 1px !important;}\u00a0\u00bb]<\/p>\n<p class=\"p1\"><img loading=\"lazy\" decoding=\"async\" class=\"wp-image-113 alignright\" src=\"https:\/\/franceshotokanparis.org\/france-shotokan-paris\/wp-content\/uploads\/2018\/09\/kibadashi.png\" alt=\"\" width=\"193\" height=\"246\" \/><\/p>\n<p>&nbsp;<\/p>\n<p class=\"p1\"><strong>A<\/strong><strong>dresse postale :<\/strong><br \/>\nMaison de la Vie Associative et Citoyenne du Quartier latin &#8211; 5e et 6e arrondissements<br \/>\n4, rue des Ar\u00e8nes<br \/>\n75005 PARIS<\/p>\n<p class=\"p1\"><strong>T\u00e9l. :<\/strong> 06 33 34 14 54<\/p>\n<p><strong>Mail :<\/strong><span id=\"cloak3451b0618f5d423fc8577fb2374fe99b\"><a href=\"mailto:franceshotokanparis@gmail.com\">\u00a0franceshotokanparis@gmail.com<\/a><\/span>[\/vc_column_text][\/vc_column][\/vc_row][vc_row][vc_column][vc_empty_space height=\u00a0\u00bb20px\u00a0\u00bb][\/vc_column][\/vc_row]<\/p>\n","protected":false},"excerpt":{"rendered":"<p>[vc_row][vc_column][vc_empty_space height=\u00a0\u00bb20px\u00a0\u00bb][\/vc_column][\/vc_row][vc_row gap=\u00a0\u00bb35&Prime; default_id=\u00a0\u00bbthemesflat_1542818651&Prime;][vc_column width=\u00a0\u00bb1\/2&Prime;][vc_column_text css=\u00a0\u00bb.vc_custom_1542811470947{margin-left: -15px !important;}\u00a0\u00bb] Nos Dojos \u00e0 Paris [\/vc_column_text][vc_empty_space height=\u00a0\u00bb20px\u00a0\u00bb][vc_column_text] Dojo VAUGIRARD-LITTR\u00c9 : 87 rue de Vaugirard \u2013 75006 Paris (Lundi, Mercredi, Jeudi, Samedi) M\u00e9tro Saint Placide (l. 4), ou Montparnasse (l. 4, 6, 12, 13) ou Duroc (l. 10, 13) Dojo LYC\u00c9E F\u00c9NELON : 2 rue de l&rsquo;\u00c9peron &#8211; 75006 Paris (Mardi) [&hellip;]<\/p>\n","protected":false},"author":2,"featured_media":0,"parent":0,"menu_order":0,"comment_status":"closed","ping_status":"closed","template":"tpl\/page_fullwidth.php","meta":{"_exactmetrics_skip_tracking":false,"_exactmetrics_sitenote_active":false,"_exactmetrics_sitenote_note":"","_exactmetrics_sitenote_category":0,"footnotes":""},"categories":[],"tags":[16,7,17,15,6,18,19,20,37,47,46,8],"_links":{"self":[{"href":"https:\/\/franceshotokanparis.org\/france-shotokan-paris\/wp-json\/wp\/v2\/pages\/172"}],"collection":[{"href":"https:\/\/franceshotokanparis.org\/france-shotokan-paris\/wp-json\/wp\/v2\/pages"}],"about":[{"href":"https:\/\/franceshotokanparis.org\/france-shotokan-paris\/wp-json\/wp\/v2\/types\/page"}],"author":[{"embeddable":true,"href":"https:\/\/franceshotokanparis.org\/france-shotokan-paris\/wp-json\/wp\/v2\/users\/2"}],"replies":[{"embeddable":true,"href":"https:\/\/franceshotokanparis.org\/france-shotokan-paris\/wp-json\/wp\/v2\/comments?post=172"}],"version-history":[{"count":84,"href":"https:\/\/franceshotokanparis.org\/france-shotokan-paris\/wp-json\/wp\/v2\/pages\/172\/revisions"}],"predecessor-version":[{"id":4485,"href":"https:\/\/franceshotokanparis.org\/france-shotokan-paris\/wp-json\/wp\/v2\/pages\/172\/revisions\/4485"}],"wp:attachment":[{"href":"https:\/\/franceshotokanparis.org\/france-shotokan-paris\/wp-json\/wp\/v2\/media?parent=172"}],"wp:term":[{"taxonomy":"category","embeddable":true,"href":"https:\/\/franceshotokanparis.org\/france-shotokan-paris\/wp-json\/wp\/v2\/categories?post=172"},{"taxonomy":"post_tag","embeddable":true,"href":"https:\/\/franceshotokanparis.org\/france-shotokan-paris\/wp-json\/wp\/v2\/tags?post=172"}],"curies":[{"name":"wp","href":"https:\/\/api.w.org\/{rel}","templated":true}]}}