{"id":2158,"date":"2018-11-21T15:02:56","date_gmt":"2018-11-21T14:02:56","guid":{"rendered":"https:\/\/franceshotokanparis.org\/france-shotokan-paris\/?page_id=2158"},"modified":"2025-09-02T00:09:41","modified_gmt":"2025-09-01T22:09:41","slug":"inscription","status":"publish","type":"page","link":"https:\/\/franceshotokanparis.org\/france-shotokan-paris\/inscription\/","title":{"rendered":"Inscription"},"content":{"rendered":"<p>[vc_row][vc_column][vc_empty_space height=\u00a0\u00bb20px\u00a0\u00bb][\/vc_column][\/vc_row][vc_row][vc_column width=\u00a0\u00bb1\/2&Prime;][vc_column_text]<\/p>\n<h3>Fiches d&rsquo;inscription et cotisation annuelle<\/h3>\n<p>[\/vc_column_text][vc_empty_space height=\u00a0\u00bb20px\u00a0\u00bb][vc_column_text]Pour les adultes, le r\u00e8glement de la cotisation donne un <strong>acc\u00e8s illimit\u00e9<\/strong> aux diff\u00e9rents cr\u00e9neaux de cours et entra\u00eenements libres propos\u00e9s.<\/p>\n<p>Nous vous invitons \u00e0 venir faire un <strong>cours d&rsquo;essai<\/strong> pour d\u00e9couvrir notre dojo. Il suffit d&rsquo;arriver 15 minutes avant le d\u00e9but du cours, en kimono ou en tenue de sport souple et de se pr\u00e9senter au professeur.<\/p>\n<p>Pour votre inscription il vous sera demand\u00e9 plusieurs documents :<\/p>\n<ul>\n<li>photo et fiche d\u2019inscription<\/li>\n<li>demande de licence FFK &#8211; <span style=\"color: #0000ff;\"><a style=\"color: #0000ff;\" href=\"https:\/\/franceshotokanparis.org\/france-shotokan-paris\/wp-content\/uploads\/2025\/08\/demande-licence-ffk-25-26.pdf\" target=\"_blank\" rel=\"noopener\"><span style=\"text-decoration: underline;\">document t\u00e9l\u00e9chargeable ici<\/span><\/a><\/span><\/li>\n<li>autorisation parentale pour les mineurs &#8211; <span style=\"text-decoration: underline; color: #0000ff;\"><a style=\"color: #0000ff; text-decoration: underline;\" href=\"https:\/\/franceshotokanparis.org\/france-shotokan-paris\/wp-content\/uploads\/2025\/09\/Autorisation-parentale-25-26.pdf\" target=\"_blank\" rel=\"noopener\">\u00e0 t\u00e9l\u00e9charger ici<\/a><\/span><\/li>\n<li>une copie de la carte d\u2019\u00e9tudiant le cas \u00e9ch\u00e9ant<\/li>\n<li>preuve de virement pour la cotisation<\/li>\n<\/ul>\n<p>Pour le montant de la cotisation et la fiche d&rsquo;inscription, d\u00e9tails ci-dessous. Les inscriptions sont \u00e0 r\u00e9gler par <span style=\"text-decoration: underline;\">virement bancaire uniquement<\/span> :<\/p>\n<ul>\n<li><strong>Enfant et adolescent :<\/strong> 100 \u20ac &#8211;&gt; <span style=\"text-decoration: underline; color: #0000ff;\"><a style=\"color: #0000ff; text-decoration: underline;\" href=\"https:\/\/franceshotokanparis.org\/france-shotokan-paris\/wp-content\/uploads\/2025\/08\/Fiche-Inscription-Enfants-Ados-2025-2026.pdf\" target=\"_blank\" rel=\"noopener\">T\u00e9l\u00e9chargez la fiche d&rsquo;inscription<\/a><\/span><\/li>\n<li><strong>\u00c9tudiant et <\/strong><strong>demandeur d&#8217;emploi :<\/strong> 180 \u20ac &#8211;&gt; <span style=\"color: #0000ff;\"><a style=\"color: #0000ff;\" href=\"https:\/\/franceshotokanparis.org\/france-shotokan-paris\/wp-content\/uploads\/2025\/08\/Fiche-Inscription-MT-2025-2026.pdf\" target=\"_blank\" rel=\"noopener\"><span style=\"text-decoration: underline;\">T\u00e9l\u00e9chargez la fiche d&rsquo;inscription<\/span><\/a><\/span><\/li>\n<li><strong>Adulte :<\/strong> 250 \u20ac &#8211;&gt; <span style=\"color: #0000ff;\"><a style=\"color: #0000ff;\" href=\"https:\/\/franceshotokanparis.org\/france-shotokan-paris\/wp-content\/uploads\/2025\/08\/Fiche-Inscription-MT-2025-2026.pdf\" target=\"_blank\" rel=\"noopener\"><span style=\"text-decoration: underline;\"><span style=\"text-decoration: underline;\">T\u00e9l\u00e9chargez la fiche d&rsquo;inscription<\/span><\/span><\/a><\/span><\/li>\n<\/ul>\n<p style=\"text-align: justify;\"><strong>NB : pour les Ceinture noire FSK uniquement<\/strong>, 65\u20ac au dojo de Paris + 240\u20ac \u00e0 FSK national (200\u20ac si paiement avant le 31 d\u00e9cembre de l&rsquo;ann\u00e9e en cours). &#8211;&gt; <span style=\"text-decoration: underline; color: #0000ff;\"><a style=\"color: #0000ff; text-decoration: underline;\" href=\"https:\/\/franceshotokanparis.org\/france-shotokan-paris\/wp-content\/uploads\/2025\/08\/Fiche-Inscription-CN-2025-2026.pdf\" target=\"_blank\" rel=\"noopener\">T\u00e9l\u00e9chargez la fiche d&rsquo;inscription membres permanents FSK<\/a><\/span><\/p>\n<p>Au plaisir de vous compter parmi nous ![\/vc_column_text][vc_empty_space height=\u00a0\u00bb30px\u00a0\u00bb][\/vc_column][vc_column width=\u00a0\u00bb1\/2&Prime;][vc_column_text]<\/p>\n<h3>Horaires &amp; lieux des cours<\/h3>\n<p>[\/vc_column_text][vc_empty_space height=\u00a0\u00bb20px\u00a0\u00bb][vc_column_text]Retrouvez le<strong> r\u00e9sum\u00e9 <\/strong>et <strong>les dates de rentr\u00e9e <\/strong>sur le <strong><span style=\"text-decoration: underline; color: #0000ff;\"><a style=\"color: #0000ff; text-decoration: underline;\" href=\"https:\/\/franceshotokanparis.org\/france-shotokan-paris\/nos-cours-de-karate\/\">planning des cours<\/a><\/span>.<\/strong><\/p>\n<p><strong>COURS ADULTES :<\/strong><\/p>\n<p><strong>Tous niveaux :<\/strong> Mardi 20h30-22h au gymnase du Lyc\u00e9e MONTAIGNE, Jeudi 20h-22h et Samedi 10h-12h \u00e0 GARANCI\u00c8RE<\/p>\n<p><strong>Ceintures marron et noires :<\/strong> Lundi 20h-22h \u00e0 VAUGIRARD-LITTR\u00c9<\/p>\n<p><strong>Ceintures noires \u00e0 partir de Shodan :<\/strong> Mercredi 20h-22h \u00e0 VAUGIRARD-LITTR\u00c9<\/p>\n<p><strong>Entra\u00eenements libres\u00a0:<\/strong> Lundi 18h-20h \u00e0 VAUGIRARD-LITTR\u00c9, Samedi 12h-14h \u00e0 GARANCI\u00c8RE, Dimanche 10h-13h \u00e0 MASSERAN<\/p>\n<p><strong>COURS ENFANTS\/ADOS :<\/strong><\/p>\n<p><strong>A partir de 12 ans\u00a0:<\/strong> Samedi 10h30-12h \u00e0 VAUGIRARD-LITTR\u00c9<\/p>\n<p><strong>A partir de 6 ans\u00a0:<\/strong> Samedi 13h-14h \u00e0 VAUGIRARD-LITTR\u00c9[\/vc_column_text][\/vc_column][\/vc_row][vc_row][vc_column][vc_empty_space height=\u00a0\u00bb60px\u00a0\u00bb][vc_column_text]<img loading=\"lazy\" decoding=\"async\" class=\"size-full wp-image-889 aligncenter\" src=\"https:\/\/franceshotokanparis.org\/france-shotokan-paris\/wp-content\/uploads\/2018\/10\/stage_me_ohshima_paris_2010_1_20141108_1290221501.jpg\" alt=\"\" width=\"800\" height=\"535\" srcset=\"https:\/\/franceshotokanparis.org\/france-shotokan-paris\/wp-content\/uploads\/2018\/10\/stage_me_ohshima_paris_2010_1_20141108_1290221501.jpg 800w, https:\/\/franceshotokanparis.org\/france-shotokan-paris\/wp-content\/uploads\/2018\/10\/stage_me_ohshima_paris_2010_1_20141108_1290221501-300x201.jpg 300w, https:\/\/franceshotokanparis.org\/france-shotokan-paris\/wp-content\/uploads\/2018\/10\/stage_me_ohshima_paris_2010_1_20141108_1290221501-768x514.jpg 768w\" sizes=\"(max-width: 800px) 100vw, 800px\" \/>[\/vc_column_text][vc_empty_space height=\u00a0\u00bb60px\u00a0\u00bb][\/vc_column][\/vc_row]<\/p>\n","protected":false},"excerpt":{"rendered":"<p>[vc_row][vc_column][vc_empty_space height=\u00a0\u00bb20px\u00a0\u00bb][\/vc_column][\/vc_row][vc_row][vc_column width=\u00a0\u00bb1\/2&Prime;][vc_column_text] Fiches d&rsquo;inscription et cotisation annuelle [\/vc_column_text][vc_empty_space height=\u00a0\u00bb20px\u00a0\u00bb][vc_column_text]Pour les adultes, le r\u00e8glement de la cotisation donne un acc\u00e8s illimit\u00e9 aux diff\u00e9rents cr\u00e9neaux de cours et entra\u00eenements libres propos\u00e9s. Nous vous invitons \u00e0 venir faire un cours d&rsquo;essai pour d\u00e9couvrir notre dojo. Il suffit d&rsquo;arriver 15 minutes avant le d\u00e9but du cours, en kimono ou en [&hellip;]<\/p>\n","protected":false},"author":3,"featured_media":0,"parent":0,"menu_order":0,"comment_status":"closed","ping_status":"closed","template":"tpl\/page_fullwidth.php","meta":{"_exactmetrics_skip_tracking":false,"_exactmetrics_sitenote_active":false,"_exactmetrics_sitenote_note":"","_exactmetrics_sitenote_category":0,"footnotes":""},"categories":[],"tags":[16,7,17,15,6,18,19,20,47,46,8],"_links":{"self":[{"href":"https:\/\/franceshotokanparis.org\/france-shotokan-paris\/wp-json\/wp\/v2\/pages\/2158"}],"collection":[{"href":"https:\/\/franceshotokanparis.org\/france-shotokan-paris\/wp-json\/wp\/v2\/pages"}],"about":[{"href":"https:\/\/franceshotokanparis.org\/france-shotokan-paris\/wp-json\/wp\/v2\/types\/page"}],"author":[{"embeddable":true,"href":"https:\/\/franceshotokanparis.org\/france-shotokan-paris\/wp-json\/wp\/v2\/users\/3"}],"replies":[{"embeddable":true,"href":"https:\/\/franceshotokanparis.org\/france-shotokan-paris\/wp-json\/wp\/v2\/comments?post=2158"}],"version-history":[{"count":71,"href":"https:\/\/franceshotokanparis.org\/france-shotokan-paris\/wp-json\/wp\/v2\/pages\/2158\/revisions"}],"predecessor-version":[{"id":4512,"href":"https:\/\/franceshotokanparis.org\/france-shotokan-paris\/wp-json\/wp\/v2\/pages\/2158\/revisions\/4512"}],"wp:attachment":[{"href":"https:\/\/franceshotokanparis.org\/france-shotokan-paris\/wp-json\/wp\/v2\/media?parent=2158"}],"wp:term":[{"taxonomy":"category","embeddable":true,"href":"https:\/\/franceshotokanparis.org\/france-shotokan-paris\/wp-json\/wp\/v2\/categories?post=2158"},{"taxonomy":"post_tag","embeddable":true,"href":"https:\/\/franceshotokanparis.org\/france-shotokan-paris\/wp-json\/wp\/v2\/tags?post=2158"}],"curies":[{"name":"wp","href":"https:\/\/api.w.org\/{rel}","templated":true}]}}